{"id":192,"date":"2016-08-10T10:54:00","date_gmt":"2016-08-10T10:54:00","guid":{"rendered":"https:\/\/concept-tree.com\/chaumiere\/about-us\/"},"modified":"2024-03-12T14:36:33","modified_gmt":"2024-03-12T13:36:33","slug":"projet","status":"publish","type":"page","link":"https:\/\/concept-tree.com\/chaumiere\/projet\/","title":{"rendered":"Le projet"},"content":{"rendered":"<div class=\"wpb-content-wrapper\"><p>[vc_row][vc_column][insight_title sub_title_enable=\u00a0\u00bbyes\u00a0\u00bb separator_enable=\u00a0\u00bbyes\u00a0\u00bb title=\u00a0\u00bbBienvenue \u00e0 la Chaumi\u00e8re!\u00a0\u00bb sub_title=\u00a0\u00bbLaissez-nous vous conter notre petite histoire!\u00a0\u00bb css=\u00a0\u00bb.vc_custom_1709566827684{margin-top: 100px !important;margin-bottom: 113px !important;}\u00a0\u00bb][insight_about image=\u00a0\u00bb2394&Prime; carousel_images=\u00a0\u00bb2395,2398,2396,2397,2399&Prime; title=\u00a0\u00bbNaissance du projet\u00a0\u00bb css=\u00a0\u00bb.vc_custom_1709581521708{margin-bottom: 140px !important;}\u00a0\u00bb]En ao\u00fbt 2021, six chaumontoises se sont r\u00e9unies autour d&rsquo;une envie: cr\u00e9er des liens entre les habitant.e.s et favoriser l\u2019\u00e9mergence et la mise en valeur d\u2019initiatives locales. Depuis, des \u00e9v\u00e9nements ont rassembl\u00e9, un lieu a \u00e9t\u00e9 trouv\u00e9, un espace caf\u00e9 y ouvre, une ASBL a \u00e9t\u00e9 cr\u00e9\u00e9e, le jardin est embelli par un kiosque, un mod\u00e8le de fonctionnement est en constante \u00e9volution, diverses activit\u00e9s sont propos\u00e9es dans le lieu&#8230; Tout cela gr\u00e2ce \u00e0 de nombreux.ses habitant.e.s qui participent de pr\u00e8s ou de loin au projet (par des chantiers d&rsquo;am\u00e9nagements, pour la gestion du lieu, par son financement, en venant ou en proposant des activit\u00e9s&#8230;).[\/insight_about][\/vc_column][\/vc_row][vc_row full_width=\u00a0\u00bbstretch_row\u00a0\u00bb css=\u00a0\u00bb.vc_custom_1471248104240{background-color: #f5f3ef !important;}\u00a0\u00bb][vc_column css=\u00a0\u00bb.vc_custom_1471248372959{padding-top: 0px !important;}\u00a0\u00bb][insight_title separator_enable=\u00a0\u00bbyes\u00a0\u00bb title=\u00a0\u00bbLa Chaumi\u00e8re est un lieu pour tisser du lien \u00e0 Chaumont-Gistoux ! C&rsquo;est un lieu&#8230;\u00a0\u00bb css=\u00a0\u00bb.vc_custom_1709625057109{margin-top: 100px !important;}\u00a0\u00bb][\/vc_column][\/vc_row][vc_row full_width=\u00a0\u00bbstretch_row\u00a0\u00bb css=\u00a0\u00bb.vc_custom_1471248445819{padding-bottom: 50px !important;background-color: #f5f3ef !important;}\u00a0\u00bb][vc_column width=\u00a0\u00bb1\/3&Prime;][insight_icon_boxes icon_lib=\u00a0\u00bblinecons\u00a0\u00bb icon_linecons=\u00a0\u00bbvc_li vc_li-music\u00a0\u00bb element_tag=\u00a0\u00bbh6&Prime; title=\u00a0\u00bbConvivialit\u00e9\u00a0\u00bb]&#8230; qui se veut convivial, o\u00f9 vous \u00eates accueilli.e.s pour rencontrer vos voisin.e.s, prendre un verre, discuter, jouer, participer \u00e0 diverses activit\u00e9s propos\u00e9es par des habitant.e.s, entendre parler des initiatives de nos huit villages chaumontois,&#8230;[\/insight_icon_boxes][insight_icon_boxes icon_ionicons=\u00a0\u00bbion-person-add\u00a0\u00bb element_tag=\u00a0\u00bbh6&Prime; title=\u00a0\u00bbParticipatif\u00a0\u00bb]&#8230; qui se veut participatif, car vous pouvez prendre part \u00e0 la gestion de ce lieu, tenir des permanences de bar, y proposer des activit\u00e9s, donner vos id\u00e9es&#8230;[\/insight_icon_boxes][insight_icon_boxes icon_ionicons=\u00a0\u00bbion-ios-body-outline\u00a0\u00bb element_tag=\u00a0\u00bbh6&Prime; title=\u00a0\u00bbInclusif\u00a0\u00bb]&#8230; qui se veut inclusif, o\u00f9 tout \u00e2ge est bienvenu, o\u00f9 une boisson gratuite est \u00e0 la carte, o\u00f9 des activit\u00e9s vari\u00e9es sont propos\u00e9es&#8230;[\/insight_icon_boxes][\/vc_column][vc_column width=\u00a0\u00bb1\/3&Prime; css=\u00a0\u00bb.vc_custom_1471248306585{padding-top: 25px !important;}\u00a0\u00bb][vc_single_image image=\u00a0\u00bb2404&Prime; img_size=\u00a0\u00bbfull\u00a0\u00bb alignment=\u00a0\u00bbcenter\u00a0\u00bb][\/vc_column][vc_column width=\u00a0\u00bb1\/3&Prime;][insight_icon_boxes style=\u00a0\u00bbicon_on_right\u00a0\u00bb icon_lib=\u00a0\u00bborganik\u00a0\u00bb icon_organik=\u00a0\u00bborganik-map-location\u00a0\u00bb element_tag=\u00a0\u00bbh6&Prime; title=\u00a0\u00bbAncrage local\u00a0\u00bb]&#8230; qui favorise l&rsquo;ancrage local, en mettant en \u00e9vidence les produits, les liens, les initiatives et les savoirs locaux.[\/insight_icon_boxes][insight_icon_boxes style=\u00a0\u00bbicon_on_right\u00a0\u00bb icon_lib=\u00a0\u00bborganik\u00a0\u00bb icon_organik=\u00a0\u00bborganik-leaves\u00a0\u00bb element_tag=\u00a0\u00bbh6&Prime; title=\u00a0\u00bbRespect du Vivant\u00a0\u00bb]&#8230; qui vise \u00e0 respecter le Vivant, o\u00f9 le mobilier et autres mat\u00e9riaux sont principalement de r\u00e9cup\u00e9ration, o\u00f9 vous pouvez participer \u00e0 des activit\u00e9s de th\u00e9matiques sociales et environnementales, o\u00f9 nous essayons de respecter le rythme de chacun.e et de la nature.[\/insight_icon_boxes][insight_icon_boxes style=\u00a0\u00bbicon_on_right\u00a0\u00bb icon_lib=\u00a0\u00bblinecons\u00a0\u00bb element_tag=\u00a0\u00bbh6&Prime; title=\u00a0\u00bbEn bref&#8230;\u00a0\u00bb]Un lieu \u00e0 partager, \u00e0 r\u00eaver et \u00e0 g\u00e9rer ensemble, avec et pour les habitant.e.s du village ![\/insight_icon_boxes][\/vc_column][\/vc_row][vc_row disable_element=\u00a0\u00bbyes\u00a0\u00bb][vc_column][insight_title sub_title_enable=\u00a0\u00bbyes\u00a0\u00bb separator_enable=\u00a0\u00bbyes\u00a0\u00bb title=\u00a0\u00bbOur farmers\u00a0\u00bb sub_title=\u00a0\u00bbwe are brilliant farmers\u00a0\u00bb css=\u00a0\u00bb.vc_custom_1471248656207{margin-top: 75px !important;margin-bottom: 88px !important;}\u00a0\u00bb][\/vc_column][\/vc_row][vc_row disable_element=\u00a0\u00bbyes\u00a0\u00bb][vc_column width=\u00a0\u00bb1\/3&Prime;][insight_team_member image=\u00a0\u00bb207&Prime; style=\u00a0\u00bb\u00a0\u00bb target=\u00a0\u00bb\u00a0\u00bb show_all_enable=\u00a0\u00bb\u00a0\u00bb name=\u00a0\u00bbMichael Andrews\u00a0\u00bb position=\u00a0\u00bb\u00a0\u00bb desc=\u00a0\u00bb\u00a0\u00bb link=\u00a0\u00bb\u00a0\u00bb facebook=\u00a0\u00bb\u00a0\u00bb twiter=\u00a0\u00bb\u00a0\u00bb google_plus=\u00a0\u00bb\u00a0\u00bb biography=\u00a0\u00bbBorn on the farm in Capay, Michael showed an early proficiency in the machine shop and is responsible for designing tools used on the farm today.\u00a0\u00bb social_links=\u00a0\u00bbfacebook|# google-plus|# pinterest|# twitter|#\u00a0\u00bb][\/vc_column][vc_column width=\u00a0\u00bb1\/3&Prime;][insight_team_member image=\u00a0\u00bb208&Prime; style=\u00a0\u00bb\u00a0\u00bb target=\u00a0\u00bb\u00a0\u00bb show_all_enable=\u00a0\u00bb\u00a0\u00bb name=\u00a0\u00bbKathleen Barsotti\u00a0\u00bb position=\u00a0\u00bb\u00a0\u00bb desc=\u00a0\u00bb\u00a0\u00bb link=\u00a0\u00bb\u00a0\u00bb facebook=\u00a0\u00bb\u00a0\u00bb twiter=\u00a0\u00bb\u00a0\u00bb google_plus=\u00a0\u00bb\u00a0\u00bb biography=\u00a0\u00bbBorn in Belmont, CA, Kathleen attended UC Riverside where she earned her B.S. in Agriculture. She is sole proprietor and manager of the farm.\u00a0\u00bb social_links=\u00a0\u00bbfacebook|# google-plus|# pinterest|# twitter|#\u00a0\u00bb][\/vc_column][vc_column width=\u00a0\u00bb1\/3&Prime;][insight_team_member image=\u00a0\u00bb209&Prime; style=\u00a0\u00bb\u00a0\u00bb target=\u00a0\u00bb\u00a0\u00bb show_all_enable=\u00a0\u00bb\u00a0\u00bb name=\u00a0\u00bbmark ronson\u00a0\u00bb position=\u00a0\u00bb\u00a0\u00bb desc=\u00a0\u00bb\u00a0\u00bb link=\u00a0\u00bb\u00a0\u00bb facebook=\u00a0\u00bb\u00a0\u00bb twiter=\u00a0\u00bb\u00a0\u00bb google_plus=\u00a0\u00bb\u00a0\u00bb biography=\u00a0\u00bbHe has commitment to build a strong financial model for farmers to connect produce directly to consumers by strategically managing our current programs.\u00a0\u00bb social_links=\u00a0\u00bbfacebook|# google-plus|# pinterest|# twitter|#\u00a0\u00bb][\/vc_column][\/vc_row][vc_row full_width=\u00a0\u00bbstretch_row_content_no_spaces\u00a0\u00bb][vc_column][vc_separator color=\u00a0\u00bbcustom\u00a0\u00bb accent_color=\u00a0\u00bb#f5f3f0&Prime; css=\u00a0\u00bb.vc_custom_1471249327590{margin-top: 97px !important;}\u00a0\u00bb][\/vc_column][\/vc_row][vc_row disable_element=\u00a0\u00bbyes\u00a0\u00bb][vc_column css=\u00a0\u00bb.vc_custom_1471249337540{padding-top: 0px !important;}\u00a0\u00bb][insight_carousel autoplay=\u00a0\u00bbyes\u00a0\u00bb slides_per_row=\u00a0\u00bb5&Prime; images=\u00a0\u00bb197,198,199,200,201&Prime; css=\u00a0\u00bb.vc_custom_1471251221615{padding-top: 18px !important;padding-bottom: 18px !important;}\u00a0\u00bb][\/vc_column][\/vc_row]<\/p>\n<\/div>","protected":false},"excerpt":{"rendered":"<p>[vc_row][vc_column][insight_title sub_title_enable=\u00a0\u00bbyes\u00a0\u00bb separator_enable=\u00a0\u00bbyes\u00a0\u00bb title=\u00a0\u00bbBienvenue \u00e0 la Chaumi\u00e8re!\u00a0\u00bb sub_title=\u00a0\u00bbLaissez-nous vous conter notre petite histoire!\u00a0\u00bb css=\u00a0\u00bb.vc_custom_1709566827684{margin-top: 100px !important;margin-bottom: 113px !important;}\u00a0\u00bb][insight_about image=\u00a0\u00bb2394&Prime; carousel_images=\u00a0\u00bb2395,2398,2396,2397,2399&Prime; title=\u00a0\u00bbNaissance du projet\u00a0\u00bb css=\u00a0\u00bb.vc_custom_1709581521708{margin-bottom: 140px !important;}\u00a0\u00bb]En ao\u00fbt 2021, six chaumontoises&#8230;<\/p>\n","protected":false},"author":1,"featured_media":0,"parent":0,"menu_order":0,"comment_status":"closed","ping_status":"closed","template":"","meta":{"_monsterinsights_skip_tracking":false,"_monsterinsights_sitenote_active":false,"_monsterinsights_sitenote_note":"","_monsterinsights_sitenote_category":0,"footnotes":""},"class_list":["post-192","page","type-page","status-publish","hentry"],"aioseo_notices":[],"_links":{"self":[{"href":"https:\/\/concept-tree.com\/chaumiere\/wp-json\/wp\/v2\/pages\/192","targetHints":{"allow":["GET"]}}],"collection":[{"href":"https:\/\/concept-tree.com\/chaumiere\/wp-json\/wp\/v2\/pages"}],"about":[{"href":"https:\/\/concept-tree.com\/chaumiere\/wp-json\/wp\/v2\/types\/page"}],"author":[{"embeddable":true,"href":"https:\/\/concept-tree.com\/chaumiere\/wp-json\/wp\/v2\/users\/1"}],"replies":[{"embeddable":true,"href":"https:\/\/concept-tree.com\/chaumiere\/wp-json\/wp\/v2\/comments?post=192"}],"version-history":[{"count":12,"href":"https:\/\/concept-tree.com\/chaumiere\/wp-json\/wp\/v2\/pages\/192\/revisions"}],"predecessor-version":[{"id":2413,"href":"https:\/\/concept-tree.com\/chaumiere\/wp-json\/wp\/v2\/pages\/192\/revisions\/2413"}],"wp:attachment":[{"href":"https:\/\/concept-tree.com\/chaumiere\/wp-json\/wp\/v2\/media?parent=192"}],"curies":[{"name":"wp","href":"https:\/\/api.w.org\/{rel}","templated":true}]}}

<div class="wpb-content-wrapper"><p>[vc_row][vc_column][insight_title sub_title_enable= »yes » separator_enable= »yes » title= »Bienvenue à la Chaumière! » sub_title= »Laissez-nous vous conter notre petite histoire! » css= ».vc_custom_1709566827684{margin-top: 100px !important;margin-bottom: 113px !important;} »][insight_about image= »2394&Prime; carousel_images= »2395,2398,2396,2397,2399&Prime; title= »Naissance du projet » css= ».vc_custom_1709581521708{margin-bottom: 140px !important;} »]En août 2021, six chaumontoises se sont réunies autour d&rsquo;une envie: créer des liens entre les habitant.e.s et favoriser l’émergence et la mise en valeur d’initiatives locales. Depuis, des événements ont rassemblé, un lieu a été trouvé, un espace café y ouvre, une ASBL a été créée, le jardin est embelli par un kiosque, un modèle de fonctionnement est en constante évolution, diverses activités sont proposées dans le lieu&#8230; Tout cela grâce à de nombreux.ses habitant.e.s qui participent de près ou de loin au projet (par des chantiers d&rsquo;aménagements, pour la gestion du lieu, par son financement, en venant ou en proposant des activités&#8230;).[/insight_about][/vc_column][/vc_row][vc_row full_width= »stretch_row » css= ».vc_custom_1471248104240{background-color: #f5f3ef !important;} »][vc_column css= ».vc_custom_1471248372959{padding-top: 0px !important;} »][insight_title separator_enable= »yes » title= »La Chaumière est un lieu pour tisser du lien à Chaumont-Gistoux ! C&rsquo;est un lieu&#8230; » css= ».vc_custom_1709625057109{margin-top: 100px !important;} »][/vc_column][/vc_row][vc_row full_width= »stretch_row » css= ».vc_custom_1471248445819{padding-bottom: 50px !important;background-color: #f5f3ef !important;} »][vc_column width= »1/3&Prime;][insight_icon_boxes icon_lib= »linecons » icon_linecons= »vc_li vc_li-music » element_tag= »h6&Prime; title= »Convivialité »]&#8230; qui se veut convivial, où vous êtes accueilli.e.s pour rencontrer vos voisin.e.s, prendre un verre, discuter, jouer, participer à diverses activités proposées par des habitant.e.s, entendre parler des initiatives de nos huit villages chaumontois,&#8230;[/insight_icon_boxes][insight_icon_boxes icon_ionicons= »ion-person-add » element_tag= »h6&Prime; title= »Participatif »]&#8230; qui se veut participatif, car vous pouvez prendre part à la gestion de ce lieu, tenir des permanences de bar, y proposer des activités, donner vos idées&#8230;[/insight_icon_boxes][insight_icon_boxes icon_ionicons= »ion-ios-body-outline » element_tag= »h6&Prime; title= »Inclusif »]&#8230; qui se veut inclusif, où tout âge est bienvenu, où une boisson gratuite est à la carte, où des activités variées sont proposées&#8230;[/insight_icon_boxes][/vc_column][vc_column width= »1/3&Prime; css= ».vc_custom_1471248306585{padding-top: 25px !important;} »][vc_single_image image= »2404&Prime; img_size= »full » alignment= »center »][/vc_column][vc_column width= »1/3&Prime;][insight_icon_boxes style= »icon_on_right » icon_lib= »organik » icon_organik= »organik-map-location » element_tag= »h6&Prime; title= »Ancrage local »]&#8230; qui favorise l&rsquo;ancrage local, en mettant en évidence les produits, les liens, les initiatives et les savoirs locaux.[/insight_icon_boxes][insight_icon_boxes style= »icon_on_right » icon_lib= »organik » icon_organik= »organik-leaves » element_tag= »h6&Prime; title= »Respect du Vivant »]&#8230; qui vise à respecter le Vivant, où le mobilier et autres matériaux sont principalement de récupération, où vous pouvez participer à des activités de thématiques sociales et environnementales, où nous essayons de respecter le rythme de chacun.e et de la nature.[/insight_icon_boxes][insight_icon_boxes style= »icon_on_right » icon_lib= »linecons » element_tag= »h6&Prime; title= »En bref&#8230; »]Un lieu à partager, à rêver et à gérer ensemble, avec et pour les habitant.e.s du village ![/insight_icon_boxes][/vc_column][/vc_row][vc_row disable_element= »yes »][vc_column][insight_title sub_title_enable= »yes » separator_enable= »yes » title= »Our farmers » sub_title= »we are brilliant farmers » css= ».vc_custom_1471248656207{margin-top: 75px !important;margin-bottom: 88px !important;} »][/vc_column][/vc_row][vc_row disable_element= »yes »][vc_column width= »1/3&Prime;][insight_team_member image= »207&Prime; style= » » target= » » show_all_enable= » » name= »Michael Andrews » position= » » desc= » » link= » » facebook= » » twiter= » » google_plus= » » biography= »Born on the farm in Capay, Michael showed an early proficiency in the machine shop and is responsible for designing tools used on the farm today. » social_links= »facebook|# google-plus|# pinterest|# twitter|# »][/vc_column][vc_column width= »1/3&Prime;][insight_team_member image= »208&Prime; style= » » target= » » show_all_enable= » » name= »Kathleen Barsotti » position= » » desc= » » link= » » facebook= » » twiter= » » google_plus= » » biography= »Born in Belmont, CA, Kathleen attended UC Riverside where she earned her B.S. in Agriculture. She is sole proprietor and manager of the farm. » social_links= »facebook|# google-plus|# pinterest|# twitter|# »][/vc_column][vc_column width= »1/3&Prime;][insight_team_member image= »209&Prime; style= » » target= » » show_all_enable= » » name= »mark ronson » position= » » desc= » » link= » » facebook= » » twiter= » » google_plus= » » biography= »He has commitment to build a strong financial model for farmers to connect produce directly to consumers by strategically managing our current programs. » social_links= »facebook|# google-plus|# pinterest|# twitter|# »][/vc_column][/vc_row][vc_row full_width= »stretch_row_content_no_spaces »][vc_column][vc_separator color= »custom » accent_color= »#f5f3f0&Prime; css= ».vc_custom_1471249327590{margin-top: 97px !important;} »][/vc_column][/vc_row][vc_row disable_element= »yes »][vc_column css= ».vc_custom_1471249337540{padding-top: 0px !important;} »][insight_carousel autoplay= »yes » slides_per_row= »5&Prime; images= »197,198,199,200,201&Prime; css= ».vc_custom_1471251221615{padding-top: 18px !important;padding-bottom: 18px !important;} »][/vc_column][/vc_row]</p>
</div>

<p>[vc_row][vc_column][insight_title sub_title_enable= »yes » separator_enable= »yes » title= »Bienvenue à la Chaumière! » sub_title= »Laissez-nous vous conter notre petite histoire! » css= ».vc_custom_1709566827684{margin-top: 100px !important;margin-bottom: 113px !important;} »][insight_about image= »2394&Prime; carousel_images= »2395,2398,2396,2397,2399&Prime; title= »Naissance du projet » css= ».vc_custom_1709581521708{margin-bottom: 140px !important;} »]En août 2021, six chaumontoises&#8230;</p>
